se -16 = -5*a + 5*p + 34, 0 = -5*p - 15. Suppose -3*l = 4*s - 1993, a*l - 2*l - 4*s - 3343 = 0. Is l composite?
True
Suppose -22 = -6*q + 8. Suppose -q*j - 23 = -n, 2*n + 19 = 3*n - 4*j. Suppose 0 = n*x + 2*m - 1213, x = -4*m - 14 + 435. Is x composite?
False
Let g(o) = 5*o + 2. Let n be g(2). Let z(w) = 18*w**2 + 8*w - 79. Is z(n) a composite number?
False
Let x(a) = 3*a**2 + 27*a - 10*a**2 + 39 + 8*a**2. Is x(-27) prime?
False
Let b(x) = -22*x + 193. Let r(h) = -44*h + 384. Let z(i) = 9*b(i) - 4*r(i). Is z(-35) a prime number?
True
Let n(j) be the second derivative of -j**5/20 + 3*j**4 + 22*j**3/3 + 25*j**2/2 - 7*j + 7. Is n(24) a composite number?
False
Let j = -138 - -235. Let u = j + 34. Is u composite?
False
Suppose 6 = 12*m - 10*m. Suppose 0 = -m*o + 3*b - 6*b + 5349, -2*b = 0. Is o a composite number?
False
Let z(x) = -4*x**3 + 16*x**2 + 36*x - 5. Let k be z(-11). Let m = k - 2071. Let f = m + -2135. Is f a prime number?
False
Is (1 + 6 + (-6256926)/(-189))*7 a composite number?
True
Suppose -4*w = -2*d - 320538, 3*w = -64*d + 59*d + 240436. Is w a composite number?
True
Is (0 - (-1423574)/(-3))*(-465)/310 a composite number?
True
Let c(k) be the first derivative of -107*k**2 - 155*k - 218. Is c(-12) composite?
True
Suppose 0 = 16*q - 9*q - 154182. Is 2/((-88092)/q - -4) composite?
False
Let k(w) = -140*w - 2561. Is k(-79) a prime number?
False
Let t(s) = -29*s - 158. Let n be t(-6). Is 212150/n + (-87)/232 prime?
True
Suppose 0 = 4*o + 5*i - 24901, 1191*i - 1187*i = 4*o - 24928. Is o composite?
False
Let k(y) = 243*y + 18. Let o(w) = -730*w - 53. Let l(a) = -17*k(a) - 6*o(a). Let f(n) = -2*n + 13. Let c be f(4). Is l(c) a prime number?
False
Is (2/(-3))/((-136)/408 - (-482038)/1446126) prime?
False
Suppose -495*f + 8042670 = -465*f. Is f composite?
True
Suppose 3*n - 24 = -9. Suppose 11 = -3*k - 2*w, n*k - 4*w = -2*w + 3. Let x(d) = -444*d + 1. Is x(k) a prime number?
False
Let m(a) = a**2 + 16*a + 30. Let r be m(-6). Is (-20)/r + 5917/3 a prime number?
True
Let z(a) be the third derivative of -a**6/120 - a**5/30 + a**4/8 + 35261*a**3/6 - 284*a**2. Is z(0) composite?
True
Suppose -h - 3*i = -40992, 0 = 3*h + 3*i - 7*i - 123041. Is h a prime number?
False
Let k(x) = -18*x - 14. Let p be k(-1). Is ((-2338)/p)/(4/(-8)) composite?
True
Let q = -90 - -106. Suppose -2 = -6*c + q. Suppose 4*t - 2461 = -5*m, -t - c*m = m - 618. Is t a composite number?
True
Suppose -4*a + 3*o + 1790047 = 0, 38*o = a + 42*o - 447507. Is a a prime number?
False
Suppose 0 = 4*a - 3*q + 7*q + 364, -4*q - 97 = a. Let z = -49 - a. Suppose o - z - 147 = 0. Is o prime?
False
Let i be (-3)/(-1*4/(1 - -1755)). Suppose -27*t = -30*t + i. Is t a prime number?
True
Let y = 12335 - 1428. Is y a prime number?
False
Let s be (-2 - -3)*(2 - (-4 - -1)). Suppose -s*q + j = -5190, 0 = 3*q + 3*j - 1063 - 2069. Is q prime?
True
Suppose n = -5*u + 35886, 0 = 3*n - u - 4*u - 107598. Suppose -34906 = -7*v + n. Is v prime?
True
Let t = 101 + -101. Suppose n + 3*l + 19 + 8 = t, 5*n + 3*l = -75. Is ((-5576)/n)/(4/6) prime?
False
Suppose 6*i = 10*i - 96. Suppose 5*m - 10 = 0, m = 5*a + 1 - i. Suppose -a*w - h + 21002 = 0, -4*w = 5*h - 6343 - 10446. Is w prime?
True
Let i be ((-18)/2)/((-168246)/(-18693) + -9). Let h = i + 45358. Is h composite?
True
Let z(o) = -11*o**3 - 33*o**2 + 71*o - 92. Let x be z(31). Is x/(-95) - (-4)/(-38) a composite number?
False
Suppose 0*p = 5*p + 50. Let y = p - -12. Suppose -2202 = -y*g + 5*u + 2136, 0 = -4*g - 4*u + 8732. Is g a prime number?
True
Let l(d) = -d - 12. Let n = 41 - 52. Let a be l(n). Is (a + -2 + 26)*1 composite?
False
Let u = -40348 - -61720. Is u/(24/4) - (-1 - 3) composite?
True
Let o(q) = 270*q**2 + 242*q - 11. Is o(-10) prime?
False
Let a(v) = -34*v**2 + 17*v + 63. Let o be a(-6). Let q = o + 1817. Is q prime?
False
Let t = -190461 + 277138. Is t composite?
False
Let o(n) = 2*n**2 - 40*n + 36. Let b be o(19). Is (-3464 + b)*2/(-4) a composite number?
False
Let f = 118811 - 61180. Is f a composite number?
True
Let f(d) = -45*d + 2. Let w(c) = 3*c + 38. Let s be w(-13). Let l(n) = 9*n + 2. Let m be l(s). Is f(m) prime?
True
Suppose -8*u + 13*u = -15. Let t be u/(-15) - 36/(-20). Suppose -t*p + 104 = 5*f - 669, -743 = -2*p + 5*f. Is p a composite number?
False
Suppose 1166 = 14*k + 60. Suppose -88*t = -k*t - 87219. Is t a prime number?
False
Let d be -2 - ((-12)/(-1) + -1)/(-1). Suppose -w - d = -11. Suppose -m + 2 = 0, m - w*m = -j + 379. Is j a prime number?
False
Suppose -16 = -w + 5*y, -5*y - 9 - 11 = 0. Let g be 2005/w + (-6)/(-24). Is -2 - g - (1 + -4) prime?
False
Suppose 5*l - 6 = 4. Let y = -6602 + 6607. Suppose 8*p - y*p = l*m - 333, -20 = 4*p. Is m composite?
True
Let g(o) = 3*o - 4*o + 3*o + 2653*o**2 + 3 + 0 + 5*o. Is g(-2) prime?
True
Suppose -7*g + 8*g = t + 8206, 0 = 3*t - 9. Let r = g + -5442. Is r composite?
False
Is ((-240)/144)/(10/12) + (1757194 - 1) a composite number?
False
Let o(s) be the third derivative of 7*s**5/12 - 23*s**4/24 + 23*s**3/6 - 63*s**2. Is o(10) composite?
True
Let p be (-53 + -5)/(-3 - -1)*12. Let q = p - -143. Is q prime?
True
Let b = 348 + -345. Suppose -35*j - 4*l - 5740 = -37*j, b*l - 14402 = -5*j. Is j prime?
False
Suppose 25 = -2*p + p + 3*n, 2*n - 70 = 4*p. Let s be (-19)/152 + 94/p. Is (1 + s - -2) + 3264 prime?
False
Suppose 10*g = -103 - 17. Let m = 7075 - g. Is m composite?
True
Let t(f) = 186*f**2 + 14*f + 81. Suppose -15*q - 41 = 169. Is t(q) composite?
False
Let d = 129 - 123. Is -4*(d + 37/(-4)) composite?
False
Is 9/12*-8*(-295555)/78 prime?
False
Let i(c) = 18*c + 39. Let d(b) = 16*b + 37. Let y(x) = 4*d(x) - 3*i(x). Is y(18) composite?
False
Suppose 2113906 = 3*w + 114*b - 119*b, 0 = -4*w - 3*b + 2818609. Is w composite?
False
Let i = 1810 - -46369. Is i prime?
True
Let s(h) = 46*h**2 + 2. Let v be s(-2). Let i = -1185 + 1468. Let x = i - v. Is x prime?
True
Let p = -149 + 152. Suppose -3*d - 3*r = r - 11674, 0 = -p*r - 15. Is d prime?
False
Let g be (-3419)/(-11) - 4/(-22). Suppose 4*y = 5*y + g. Let a = -162 - y. Is a a prime number?
True
Let v(s) = s + 19. Let x be v(-10). Let h(g) = 56*g + 11. Let n be h(x). Suppose -8*o + n = -1813. Is o a composite number?
True
Let w = 58 - 95. Suppose 5*g - 83 = 2*o, -4*g = -4*o - 103 - 45. Let k = o - w. Is k a prime number?
True
Let l(m) = -m**3 - 7*m**2 - 6*m - 16. Let d be l(-8). Suppose -5*u - 371 = -d. Let c = u + 61. Is c a prime number?
False
Let q(j) = -8*j**2 + 4*j - 10. Let f(b) = 24*b**2 - 13*b + 30. Let i be (9 + -26)/((-3)/3). Let l(y) = i*q(y) + 6*f(y). Is l(2) a prime number?
False
Suppose 24 = 546*g - 554*g. Is (-4)/g + (9 - 24374/(-21)) a prime number?
True
Suppose 0 = -3*f - z - 8 + 20, -f - 2*z = 1. Suppose n - j - j = 829, -f*n + 4109 = -j. Suppose 1602 = q + q - 4*y, -q = 3*y - n. Is q prime?
True
Is (14905 - 4/1) + (-5 - 3) composite?
True
Let h(t) = -t**3 + 36*t**2 + 76*t. Let x be h(38). Suppose x = -48*z + 505980 + 271956. Is z a composite number?
True
Let h(a) = 2*a - 1. Let n be h(2). Is (n/24*12)/(3/19298) prime?
True
Suppose 198715 = 19*s - 287408 + 103064. Is s prime?
True
Let x = -47 + 50. Let u be (-1808)/(-28) - x/(-7). Suppose 422 = r - u. Is r prime?
True
Let o be 6872/28 - (-3)/(-7). Suppose 0 = -4*s - 3*k - 186 - 53, -k = 4*s + o. Is (s + 3)/(1/(-5)) prime?
False
Let o = 9 - 14. Let g(i) = 99*i**2 + 24. Let j be g(o). Suppose -7507 = -3*x - 3*d + d, 0 = -x - 4*d + j. Is x composite?
False
Let f = -21789 - -36032. Is f a prime number?
True
Suppose -3*a + 2*p - 326 = -5*a, 2*a - p = 323. Suppose 1139 = 163*k - a*k. Is k a composite number?
True
Let k = 6427 + 14632. Is k composite?
False
Suppose 3*t - 5*h = 5293, 3*h = -2*t + 2*h + 3507. Let n(k) = -22*k**2 - 3*k + 9. Let w be n(6). Let y = w + t. Is y a prime number?
False
Suppose 13*i - 10*i = -5*d + 350203, -3*i = 4*d - 350201. Is i a prime number?
True
Suppose -115*t + 233*t = 115*t + 434451. Is t a composite number?
False
Suppose -3*b + 628470 = -3*u, 85*b - 86*b + 5*u = -209486. Is b prime?
False
Let f = 1480854 - 758141. Is f a composite number?
False
Suppose 0 = 94*n - 99*n + 3*r + 1559591, 0 = -3*n + 5*r + 935729. Is n a composite number?
True
Let i(l) = 2*l**2 + 18*l + 11. Let n be i(-8). Let c(y) = 2*y**2 + 8*y - 11. Let p be c(n). Is (-11